{"id":103902,"date":"2011-02-08T21:45:18","date_gmt":"2011-02-08T21:45:18","guid":{"rendered":"http:\/\/asdhom.org\/wordpress\/?page_id=2"},"modified":"2023-01-05T23:54:44","modified_gmt":"2023-01-05T22:54:44","slug":"about","status":"publish","type":"page","link":"https:\/\/asdhom.org\/?page_id=103902","title":{"rendered":"Qui sommes-nous?"},"content":{"rendered":"<p><strong>Objet <\/strong><\/p>\n<p>Cr\u00e9\u00e9e en 1984 \u00e0 l&rsquo;initiative d&rsquo;un certain nombre de d\u00e9mocrates marocains r\u00e9sidant \u00e0 l&rsquo;\u00e9tranger, l&rsquo;ASDHOM a pour objet :<br \/>\nL&rsquo;information de l&rsquo;opinion publique sur toutes les violations des droits et de la dignit\u00e9 de l&rsquo;Homme au Maroc.<br \/>\nLa d\u00e9fense des victimes de l&rsquo;arbitraire et de la r\u00e9pression.<br \/>\nLa lutte pour l&rsquo;abrogation des textes r\u00e9pressifs et pour l&rsquo;application effective des textes garantissant les libert\u00e9s.<br \/>\nLa lutte contre toutes les formes de discrimination et de x\u00e9nophobie vis-\u00e0-vis de la population immigr\u00e9e en France.<br \/>\nLa sensibilisation et la formation des membres de l&rsquo;association \u00e0 la probl\u00e9matique des droits de l&rsquo;Homme \u00e0 travers des \u00e9tudes, travaux th\u00e9oriques et conf\u00e9rences se rapportant aux aspects juridiques, \u00e9conomiques et sociaux de la question des droits de l&rsquo;Homme, en particulier dans notre pays.<\/p>\n<p><strong>Orientation <\/strong><\/p>\n<p>Une orientation ax\u00e9e sur la d\u00e9fense des droits de l&rsquo;Homme dans notre pays et sur la d\u00e9nonciation de leur violation, quelqu&rsquo;en soit les victimes, et abstraction faite de leurs opinions, appartenance ou non appartenance politique. Les textes internationaux sont nos r\u00e9f\u00e9rences de base \u00e0 ce sujet.<\/p>\n<p><strong>Structure <\/strong><\/p>\n<p>Assembl\u00e9e g\u00e9n\u00e9rale annuelle.<br \/>\nConseil d&rsquo;administration.<br \/>\nBureau ex\u00e9cutif compos\u00e9.<br \/>\nCommissions de travail (commission d&rsquo;information, commission de la femme, commission juridique,&#8230; etc.).<\/p>\n<p><strong>Fonctionnement <\/strong><\/p>\n<p>Adh\u00e9sion libre et individuelle.<br \/>\nD\u00e9cisions collectives prises par consensus ou une large majorit\u00e9.<br \/>\nInstances renouvel\u00e9es r\u00e9guli\u00e8rement.<\/p>\n<p><strong>Ressources financi\u00e8res <\/strong><\/p>\n<p>La cotisation des membres.<br \/>\nLes abonnements et la vente des publications.<br \/>\nLes dons des personnes d\u00e9sireuses de promouvoir les droits de l&rsquo;Homme au Maroc.<br \/>\nL&rsquo;organisation de manifestations diverses (d\u00eeners-d\u00e9bats, soir\u00e9es culturelles&#8230;).<\/p>\n<p><strong>Moyens d&rsquo;action <\/strong><\/p>\n<p>Site Internet :<br \/>\nEnvoi de missions au Maroc.<br \/>\nDossiers sp\u00e9cifiques et rapports.<br \/>\nCommunication avec la presse, les ONG et toutes les instances et organisations pr\u00e9occup\u00e9es par la question des droits de l&rsquo;Homme.<br \/>\nParticipation aux actions communes avec les autres associations analogues.<\/p>\n<p><strong>Partenaires privil\u00e9gi\u00e9s au Maroc et principales sources d&rsquo;information <\/strong><\/p>\n<p>Les associations amies au Maroc (AMDH, OMDH, LMDH) avec lesquelles nous avons des \u00e9changes permanents.<br \/>\nLes victimes des atteintes aux droits de l&rsquo;Homme et leurs familles (d\u00e9tenus et anciens d\u00e9tenus politiques, anciens disparus, militants politiques, syndicaux, etc.). Nombreux parmi eux sont devenus des correspondants r\u00e9guliers de l&rsquo;ASDHOM.<\/p>\n","protected":false},"excerpt":{"rendered":"<p>Objet Cr\u00e9\u00e9e en 1984 \u00e0 l&rsquo;initiative d&rsquo;un certain nombre de d\u00e9mocrates marocains r\u00e9sidant \u00e0 l&rsquo;\u00e9tranger, l&rsquo;ASDHOM a pour objet : L&rsquo;information de l&rsquo;opinion publique sur toutes les violations des droits et de la dignit\u00e9 de l&rsquo;Homme au Maroc. La d\u00e9fense des victimes de l&rsquo;arbitraire et de la r\u00e9pression. La lutte pour l&rsquo;abrogation des textes r\u00e9pressifs [&hellip;]<\/p>\n","protected":false},"author":29,"featured_media":0,"parent":0,"menu_order":0,"comment_status":"closed","ping_status":"closed","template":"","meta":{"footnotes":""},"_links":{"self":[{"href":"https:\/\/asdhom.org\/index.php?rest_route=\/wp\/v2\/pages\/103902"}],"collection":[{"href":"https:\/\/asdhom.org\/index.php?rest_route=\/wp\/v2\/pages"}],"about":[{"href":"https:\/\/asdhom.org\/index.php?rest_route=\/wp\/v2\/types\/page"}],"author":[{"embeddable":true,"href":"https:\/\/asdhom.org\/index.php?rest_route=\/wp\/v2\/users\/29"}],"replies":[{"embeddable":true,"href":"https:\/\/asdhom.org\/index.php?rest_route=%2Fwp%2Fv2%2Fcomments&post=103902"}],"version-history":[{"count":1,"href":"https:\/\/asdhom.org\/index.php?rest_route=\/wp\/v2\/pages\/103902\/revisions"}],"predecessor-version":[{"id":113243,"href":"https:\/\/asdhom.org\/index.php?rest_route=\/wp\/v2\/pages\/103902\/revisions\/113243"}],"wp:attachment":[{"href":"https:\/\/asdhom.org\/index.php?rest_route=%2Fwp%2Fv2%2Fmedia&parent=103902"}],"curies":[{"name":"wp","href":"https:\/\/api.w.org\/{rel}","templated":true}]}}